 l(-4). What is the remainder when b/6*0 + 7 is divided by 2?
1
Let y(j) = -2*j**3 - 34*j**2 + 161*j + 2893. What is the remainder when y(-18) is divided by 28?
27
Suppose -6*y + 2 = -16 + 6. What is the remainder when 559 is divided by y?
1
Let p be (-47)/2*(1 + 1). Let s = p + 64. What is the remainder when s is divided by 12?
5
Let u = 420 + -354. Suppose -30 - u = -3*y. Calculate the remainder when 61 is divided by y.
29
What is the remainder when 3319 is divided by 302/5*925/370?
148
Suppose 149*y + 59327 = 79744 + 113683. Calculate the remainder when y is divided by 79.
31
Suppose k - 161 = -4*r - 8, -334 = -2*k - r. What is the remainder when k is divided by 4365/125 - (-2)/25?
29
Calculate the remainder when 942 is divided by (-9118)/(-582) + (-1)/(-3).
14
Let m = 29069 - 29046. What is the remainder when 12969 is divided by m?
20
Let a = 25954 + -25315. Calculate the remainder when a is divided by 54.
45
Suppose -3*a = -4*a + 4*n - 8, 4*a = 4*n + 4. Calculate the remainder when ((6 - 6) + (-357)/a)*-4 is divided by 18.
15
Suppose -3*p - 2 = -14. Suppose -5*j = -p*f + 115 - 32, -2*f + j + 43 = 0. Calculate the remainder when 32 is divided by f.
10
Let a(u) = -939*u + 1. Let d be a(-1). Let r = d + -640. Suppose 5*p - r = 180. What is the remainder when p is divided by 14?
12
Let i = 4362 - 4114. Let l = -46 + 96. What is the remainder when i is divided by l?
48
Let h(y) = 6*y + 59. Suppose 2*b - 25 = -5*f, 3*b + 13 = 3*f - 2. Suppose 91 = 5*w - v, -59 - 20 = -f*w + 4*v. What is the remainder when w is divided by h(-8)?
8
Suppose 2*s + 0*k + 2*k = 90, -4*k = -4*s + 140. Suppose 0 = -64*z + 56*z + s. What is the remainder when z is divided by 4?
1
Let a(u) = 311*u**2 + 4972*u + 20. What is the remainder when 1169 is divided by a(-16)?
77
Let b(y) = -y**3 - 5*y**2 - 4*y + 4. Let s(q) be the first derivative of -3*q**2 - 149*q + 58. What is the remainder when s(-26) is divided by b(-4)?
3
Let i = 97 - 100. What is the remainder when 14 + (1 + 0 + i)*-2 is divided by 13?
5
What is the remainder when 42 + (6/2 - 3) is divided by (-2)/(-20) - 2225/(-250)?
6
Let b = -15 + 15. Suppose -5*r + 5*h = 2 + 3, b = 2*r - h - 2. Calculate the remainder when ((-4)/(-1))/((-4)/(-14)) is divided by r.
2
Suppose 79*m = 125*m - 2162. Calculate the remainder when 468 is divided by m.
45
What is the remainder when (-1 - (-76 + -1))*(-630)/(-180) is divided by 257?
9
Suppose -614 = 4*u - 2*j, u = 2*u + 5*j + 137. Let i = u - -155. Suppose 0 = 4*y + 2*n - 22, -4*n - 8 - 2 = -y. What is the remainder when y is divided by i?
0
Let b = -72 + 68. Let j be -1 + -3 - (-2 + 1). What is the remainder when 17 is divided by j - -8 - (-3 - b)?
1
Let v be ((-46)/3 - 0)*3. Let j(b) = -b**3 + 3*b**2 - 8*b + 29. What is the remainder when 1/(2 - v/(-24)) is divided by j(3)?
2
Let q(u) = -163*u + 2. Let g be (-2 - -8) + -3 - 4. What is the remainder when q(g) is divided by 34?
29
Let a be (-2)/20 - 29/(-290). Suppose -4*u - 2*p + 114 = 0, a = -5*p + 15 + 10. Calculate the remainder when u is divided by 7.
5
Suppose -5*q = -o - 252, -2*q + 10 + 98 = 2*o. Suppose 0 = -50*k + q*k - 90. What is the remainder when k is divided by 26?
12
Let n(j) = -66*j**2 + 2 + 67*j**2 + 3. Let p be n(0). Suppose 3*i + p + 7 = 0, -4*w + 184 = 5*i. What is the remainder when w is divided by 19?
13
Suppose 0 = 2*b + 45 + 39. Let c = 36 + b. Calculate the remainder when 23 is divided by 8/(-3)*c - 2.
9
Let w(y) = -2*y**3 - 14*y**2 - 40*y - 32. Calculate the remainder when 4645 is divided by w(-3).
5
Let g(a) be the first derivative of 5/3*a**3 + 7/2*a**2 + 4*a - 9. What is the remainder when 55 is divided by g(-3)?
27
Suppose 2*w - 419 - 109 = 2*x, -2*w + 546 = 4*x. What is the remainder when 3735 is divided by w?
264
Suppose -a = 5*s - 995, -42*a + 46*a + 4*s - 3964 = 0. Calculate the remainder when a is divided by 32.
30
Suppose 37 = 3*y - 2. Suppose h + 4 = -2*o + 10, -3*h = -5*o + 15. Suppose 2*l - 235 = -o*l. Calculate the remainder when l is divided by y.
8
Let q(v) = 69*v - 659. Let y be 10*(2 - (-14)/(-10)). Suppose 5*j + 2*a = 305, -j + y*j + 5*a - 305 = 0. Calculate the remainder when j is divided by q(10).
30
Let w = -36 + 39. Suppose -w*d + 188 = 5*o, -4*o + 7*o - 132 = 3*d. What is the remainder when o is divided by 10?
0
Suppose -23*s + 1142 = 38. Calculate the remainder when 1/3 - 814/(-6) is divided by s.
40
Suppose 25*p = 26*p - 798. Calculate the remainder when 3/((-7)/(p/(-18))) is divided by 5.
4
Suppose -u + 108 = u. Let x be (-5)/((12/u)/(2/(-3))). Suppose 5*j + 15 = 0, -3*d - 4*j = j - x. Calculate the remainder when 67 is divided by d.
7
Suppose -a = z - 429, -36*a + 34*a = -3*z - 918. Let r = 47 + -13. Calculate the remainder when a is divided by r.
33
Suppose 7*v - 2940 = -7*v - 14*v. What is the remainder when v is divided by 21?
0
Let r(n) be the third derivative of 0*n + 0 - 1/8*n**4 + 1/60*n**5 + 149/6*n**3 + 6*n**2 - 1/120*n**6. Calculate the remainder when r(0) is divided by 30.
29
Let m be (-1)/(-2*1/26) - 3. Let l be (603/(-6))/(5/m). Let q = -113 - l. What is the remainder when q is divided by 13?
10
Suppose 14*a + 232 = 2990. What is the remainder when 743 is divided by a?
152
Suppose -39 + 27 = -4*w. Let x(k) = 2*k**3 - 12*k. Calculate the remainder when x(w) is divided by 7.
4
Let i(d) = 4*d**2 - 30*d + 94. Calculate the remainder when 1063 is divided by i(4).
37
Suppose 4*x = -24, -5*u - 31*x + 543 = -29*x. What is the remainder when u is divided by 96?
15
Let x be (18 - 17)*(0 - 0). Suppose -2*a + 3*c + 80 = x, -44 - 54 = -3*a - c. Let s = a - 9. Calculate the remainder when 99 is divided by s.
24
Suppose -10 - 20 = -15*v. Suppose -2*p + 23*c - 28*c = -30, -v*c - 15 = -p. What is the remainder when 49 is divided by p?
4
Calculate the remainder when 2729 is divided by ((-91)/2)/(24/(-48)).
90
Let l(i) = -8*i - 11. Let b be l(-7). Let g = b + -18. Let y = -18 + g. What is the remainder when 16 is divided by y?
7
Let w(d) = -19*d - 20. Let c be w(-4). Let z = 165 + c. Calculate the remainder when z is divided by 32.
29
Suppose 69*u - 65*u - 1064 = 3*c, -764 = -3*u - 2*c. Calculate the remainder when 1483 is divided by u.
183
Suppose 2*x = x + 32. Suppose -5*d = 2*a - 978, -4*a + 13*d = 8*d - 1896. What is the remainder when a is divided by x?
31
Let g(u) = 2*u**3 + 9*u**2 - 31*u - 57. Let y(x) = 3*x**2 - x + 7. Calculate the remainder when y(5) is divided by g(-6).
14
Calculate the remainder when ((-5214)/553)/((-2)/14) is divided by 53.
13
Suppose v + 113 - 146 = 0. Suppose 14 = -v*s + 34*s. Calculate the remainder when 39 is divided by s.
11
Calculate the remainder when 461 is divided by (-6)/24 + (-861)/(-84).
1
Let h = 473 - 331. Calculate the remainder when h is divided by ((-14)/4)/7 - (-97)/2.
46
Let u be 1*-2 - (-215 + 3 + -7). Let p = u - 87. What is the remainder when (2/4)/(-5 + 655/p) is divided by 7?
6
Let i = 17564 + -17532. Calculate the remainder when 283 is divided by i.
27
Let u = 497 + 2193. Suppose 3*x = 2*f - u, -3*x + 0*x + 4*f = 2686. Calculate the remainder when (-12)/18 + x/(-6) is divided by 25.
24
Suppose 9*v + p - 296 = 4*v, -128 = -2*v - 2*p. What is the remainder when 168 is divided by v?
52
Let o be 42/112 + (-111)/(-24). Suppose -6*v + 260 = o*a - v, -a = -5*v - 22. What is the remainder when a is divided by 20?
7
Suppose -6*q - 72*q = -43*q - 420. What is the remainder when 14687 is divided by q?
11
Calculate the remainder when 642 is divided by -1*(-9 - -7) - (1 - (-4 - -165)).
156
Let y(a) = 8*a - 59. Let r be y(7). Let v be -2*(-267)/6 + r. Suppose -v = -9*t + 67. What is the remainder when 99 is divided by t?
14
Let d(m) = -3*m**2 - 33*m + 10. Calculate the remainder when 744 is divided by d(-11).
4
Let z(k) = -k**2 + 6*k + 5. Let y be z(6). Suppose 0 = -5*b - 2*h + y*h + 102, -3*b = -5*h - 58. Calculate the remainder when 161 is divided by b.
14
Suppose 3*h = -3*y + 453, -175*y - 143 = -176*y - 3*h. Let v(z) = -z**2 + 11*z + 2. What is the remainder when y is divided by v(5)?
27
Let g be (-12)/(-20) + 385/25. Suppose 0 = -y - g + 41. Calculate the remainder when 149 is divided by y.
24
Let f = 28 - 19. Let k(z) be the first derivative of z**3/3 + 19*z**2/2 + 20*z + 49. Calculate the remainder when k(-19) is divided by f.
